e -c + 10 = 2*n + k*c, -25 = -5*n - c. Calculate the greatest common divisor of n and z.
5
Let u be 0 + 11/(33/294). Let x = -44 + u. Calculate the highest common factor of x and 6.
6
Let p(g) = -5*g**3 - 2*g**2 - 2*g - 1. Let h be p(-1). Suppose -h*s + s + 330 = 0. Suppose 0 = 2*n + 3*n - s. Calculate the greatest common divisor of n and 11.
11
Let g = 206 + 332. Suppose l - 546 = -4*x - 2*l, 4*x - g = l. Calculate the greatest common divisor of x and 54.
27
Suppose 0*b = b - 1. Let k be 4 + b + (-3 - 0). Suppose 4*o = k*o + 44. What is the highest common divisor of o and 242?
22
Let b = 8 - 6. Suppose 5*s + b*f - 30 = 0, s + 2 - 1 = f. Let n be (-12)/8 + 266/s. Calculate the greatest common divisor of n and 13.
13
Let b = -133 + 289. Suppose 5*a = 381 - b. Calculate the highest common factor of a and 5.
5
Let y = -34 - -31. Let m be 1*(6 + -3) - y. Calculate the greatest common factor of 15 and m.
3
Suppose -9*l + 578 = 8*l. What is the highest common divisor of 544 and l?
34
Suppose 2*q + 4 = l + 9, -4*l + 45 = 5*q. Suppose -2*f - 4*n = -q*f + 136, -2*n = -4. What is the highest common divisor of 16 and f?
16
Suppose -105 - 15 = -3*n. Calculate the greatest common divisor of 2 and n.
2
Let i(r) = -r**3 - 2*r**2 + 2*r + 24. Let o be i(-7). Calculate the greatest common factor of 306 and o.
51
Let y(n) = -n**2 + 5*n + 144. Let t be y(-8). Calculate the greatest common factor of t and 5.
5
Let o(r) = 0*r**2 - r**2 - 9*r - 2*r + 3*r**2. Let g be o(8). Suppose 72 = 4*p - 0*w - 2*w, 0 = -5*p + 3*w + 92. What is the greatest common divisor of g and p?
8
Let w be ((-2926)/(-88))/((-2)/(-16)). Calculate the greatest common factor of w and 14.
14
Let s(z) = 56*z**2 + 3*z + 1. Let o be s(-1). Let y = -73 - -154. What is the greatest common factor of o and y?
27
Suppose -4*m - 12 = 60. Suppose d = 31 + 13. Let r = d + m. What is the highest common factor of 65 and r?
13
Suppose 9*j - 4*j = 30. Suppose -j*r + 190 = -242. Calculate the greatest common factor of 18 and r.
18
Let c be ((-4)/9)/(14/(-315)). Calculate the highest common factor of c and 290.
10
Suppose 2*v - 5 = -1. Suppose 3*x = -v*y + 154, -47 = -y - 4*x + 25. Let a(c) = c**2 - 4*c - 5. Let q be a(7). Calculate the greatest common factor of y and q.
16
Let d be ((-36)/(-5))/((-2)/(-20)). Suppose -3*z + 0 = -6. Suppose 2*i - 5*x = 3, -i - 21 = -4*i + z*x. What is the greatest common factor of d and i?
9
Let n = -589 + 599. Calculate the highest common divisor of 210 and n.
10
Suppose 38 = -5*u - 3*o + 85, 0 = 3*u + 2*o - 29. Let y = 153 + -160. Let f be y*((-3)/u - 3). What is the greatest common factor of f and 60?
12
Let r(o) = o**2 + 9*o - 28. Let z be r(-12). What is the greatest common divisor of z and 46?
2
Suppose x + 270 = 10*x. Let z(v) = -35*v**3 - 3*v**2 - 2*v - 2. Let d be z(-2). What is the greatest common factor of d and x?
30
Suppose 5*v - 5*y - 85 = 0, 5*v + 5*y = 3*v + 62. What is the greatest common factor of 84 and v?
21
Let m be (-60)/(-1) - ((3 - 0) + 1). What is the greatest common divisor of 280 and m?
56
Let k be (5 - 177/(-6))*4/3. What is the highest common factor of 46 and k?
46
Let s(g) = -g**3 + 6*g**2 - 6*g - 1. Let w be s(4). Suppose -w*a = 3*a - 720. What is the greatest common factor of 8 and a?
8
Let f be 7*1 - 8/(-4). Let s be (f/15)/((-3)/(-105)). Let b(u) = -u**2 + 18*u - 3. Let o be b(17). What is the greatest common divisor of s and o?
7
Suppose -5*w - 4*n + 470 = -0*w, -4*w - 4*n = -376. Let g = w - 88. What is the highest common divisor of 54 and g?
6
Let z(b) = b**3 - 4*b**2 - 4*b + 22. Let m be z(5). Calculate the greatest common factor of 468 and m.
9
Let v = -97 - -119. Let w = v - -37. What is the greatest common divisor of 649 and w?
59
Let n be 119/133 - 1 - 498/(-38). Calculate the highest common divisor of n and 143.
13
Let i(u) = 11*u**3 + 2*u - 2. Let g be i(2). Suppose -5*o + 65 = -220. Let z = g - o. Calculate the highest common divisor of z and 99.
33
Suppose -4*y + 69 = 21. Suppose 2*i + o = -203, -3*i = 6*o - 2*o + 307. Let h = 185 + i. What is the greatest common factor of y and h?
12
Let a(l) = 3*l - 43. Let x(s) = 3*s - 42. Let o(m) = -2*a(m) + 3*x(m). Let q be o(14). What is the greatest common divisor of 2 and q?
2
Let y = -97 + 223. What is the greatest common divisor of 84 and y?
42
Let a = -542 + 1141. Suppose -2*x - 4*v = -230, 3*v - a = -5*x - v. Calculate the highest common divisor of 41 and x.
41
Let l(n) = 9*n + 6. Let p be l(5). Calculate the greatest common divisor of p and 136.
17
Let x = -67 - -208. What is the greatest common factor of x and 47?
47
Suppose -2*d - 1 + 5 = 0. Suppose -6*r + 80 = -d*r. Let q be 2/1 + 16/2. What is the highest common divisor of q and r?
10
Suppose 5*q - 3 = 57. Suppose -2*s - i - 2 = i, -4*i = 12. Suppose -4*o - 23 = -2*k + 17, -o = s*k - 20. What is the highest common divisor of k and q?
12
Let u = 395 + -130. Suppose 5*v = 680 + u. Calculate the highest common factor of v and 21.
21
Let p(c) = -c**3 - 12*c**2 - 12*c - 7. Let n be p(-11). Suppose 115 = 9*u - n*u. What is the highest common factor of 161 and u?
23
Let c(z) = z**3 + 23*z**2 - 27*z - 58. Let g be c(-24). What is the highest common divisor of g and 21?
7
Let f(t) = t**2 + 4*t + 8. Let i be f(-8). Suppose 4*x = -3*p + i, -3*x + p - 2*p = -25. Calculate the highest common divisor of 21 and x.
7
Let b be 12 + (2 + -2)/(-2). Suppose b = -c - 2*c. Let u be (c/6)/(2/(-180)). Calculate the greatest common divisor of 15 and u.
15
Let z = 1072 + -1063. Calculate the highest common factor of z and 927.
9
Let q = -799 + 847. Calculate the highest common divisor of q and 3.
3
Suppose 0 = 3*k - 5*b - 144, 4*b - 44 = -4*k + 180. Calculate the greatest common divisor of 1537 and k.
53
Let y(t) = 2*t**2 + t + 8. Let v be 7 - 3/(-7 - -4). Let p be y(v). What is the greatest common divisor of 16 and p?
16
Let m be (-8)/12*-3 - -1. Let x be -1*(4 - (m + 19)). Let h = 19 - x. Calculate the highest common factor of 1 and h.
1
Suppose -920 = -4*h + 14*v - 9*v, 3*v + 1150 = 5*h. Calculate the greatest common divisor of 782 and h.
46
Suppose 0 = -7*i - 43*i + 1300. Calculate the greatest common factor of 1 and i.
1
Let o be 4122/54 - 8/(-12). Calculate the highest common factor of o and 21.
7
Let x be (126/(-135))/(-7) - 2923/(-15). What is the highest common factor of 45 and x?
15
Let z be (-736)/(-40) + (-36)/15. Calculate the greatest common divisor of z and 2304.
16
Suppose q - 52 = 110. Suppose -2*p = -5*o - 0*p + 56, 4*o + 4*p = 28. Let k(m) = m + 8. Let d be k(o). What is the greatest common divisor of d and q?
18
Let n(c) = -c**3 + 12*c**2 - 29*c + 74. Let i be n(8). Calculate the greatest common divisor of 56 and i.
14
Let h(d) = d**3 - 4*d**2 + 5*d - 2. Let z be h(5). Let s = -8299 + 8311. What is the greatest common factor of z and s?
12
Suppose 5*g - g + 16 = 0. Let u be (18/g)/(2 - 5/2). Let z = -4 + 5. What is the greatest common factor of z and u?
1
Suppose -132 = -4*n - 4*p, 21*n = 18*n - 4*p + 96. What is the greatest common factor of 1548 and n?
36
Let l = -16 + 18. Suppose 3*r + z - 44 = 2*z, 3*r - l*z - 43 = 0. Let y be (5 - r)/(2/(-3)). What is the greatest common divisor of 6 and y?
3
Suppose -7*n + 2*j = -3*n + 58, -65 = 5*n - 5*j. Let g = 18 - n. What is the highest common factor of 68 and g?
34
Let d = 810 - 718. Calculate the greatest common divisor of 207 and d.
23
Let r(o) = 21*o**2 - 2*o + 1. Let y be r(1). Let p = y - -10. Suppose -3*x + 4*q + 906 = 6*q, 5*x - 1494 = 2*q. What is the greatest common factor of p and x?
30
Suppose 0 = 2*d - 2*y - 60, d - 4*y = -7 + 46. Let w(i) = -2*i**2 + 3 + 5*i - 2*i + i + 3*i**2. Let n be w(-4). What is the highest common factor of n and d?
3
Suppose 414 + 210 = 24*r. What is the greatest common divisor of 650 and r?
26
Suppose -179 = 15*i - 584. Calculate the greatest common factor of 243 and i.
27
Let t(g) = 2*g**2 - 10*g + 195. Let d be t(15). What is the greatest common divisor of 45 and d?
45
Let v be 39/6 - 81/54. Calculate the highest common divisor of 245 and v.
5
Let q(k) = -158*k**3 - 2*k**2 + 4*k + 13. Let p be q(-2). Calculate the highest common divisor of 194 and p.
97
Let k(w) = 2*w**2 - 37*w + 197. Let n be k(22). Calculate the greatest common factor of 54 and n.
